(base 4) in base 10?
269
Convert 2000030 (base 5) to base 9.
46788
Convert -1031143 (base 5) to base 12.
-a289
Convert -50a (base 14) to base 5.
-12430
14453 (base 7) to base 12
239b
Convert -734 (base 8) to base 16.
-1dc
121021 (base 5) to base 15
150b
-5552 (base 6) to base 5
-20132
What is 2365a (base 12) in base 7?
255514
Convert -8747 (base 11) to base 8.
-26432
Convert -105034 (base 8) to base 7.
-205036
-13100 (base 4) to base 5
-3324
Convert 2c1 (base 13) to base 8.
757
What is 51c (base 13) in base 16?
366
Convert 142b3 (base 12) to base 2.
110110110100111
Convert -51473 (base 10) to base 15.
-103b8
13136 (base 9) to base 12
5166
Convert -21a (base 11) to base 7.
-524
Convert 220222210 (base 3) to base 7.
104055
Convert 22a5 (base 12) to base 8.
7435
-1021 (base 8) to base 16
-211
What is -463 (base 15) in base 13?
-5b5
Convert 1e67 (base 16) to base 10.
7783
What is -2222222 (base 4) in base 15?
-3382
Convert -c46 (base 14) to base 11.
-18a5
Convert 3461 (base 10) to base 15.
105b
12224 (base 8) to base 9
7203
What is 1064 (base 9) in base 7?
2203
1101001011100 (base 2) to base 5
203443
2642 (base 16) to base 15
2d7e
What is 243 (base 7) in base 15?
89
164 (base 12) to base 11
190
What is 10012301 (base 4) in base 12?
9895
Convert -968 (base 11) to base 16.
-48b
What is 5113 (base 8) in base 14?
d63
What is -4433 (base 9) in base 3?
-11111010
-291 (base 16) to base 10
-657
953 (base 13) to base 3
2011212
Convert -11152 (base 6) to base 16.
-62c
What is 5528 (base 13) in base 6?
130532
Convert 1076 (base 11) to base 15.
644
What is 11100100101011 (base 2) in base 16?
392b
42a (base 12) to base 7
1531
1121 (base 10) to base 8
2141
Convert 218 (base 12) to base 14.
180
What is 40321 (base 5) in base 14?
d2a
Convert -1785 (base 11) to base 10.
-2271
What is -1001011100110100 (base 2) in base 14?
-1016c
Convert 17176 (base 12) to base 15.
9be6
12402 (base 6) to base 13
b12
Convert -3c (base 13) to base 11.
-47
925 (base 16) to base 15
a61
Convert 5755 (base 10) to base 12.
33b7
-514010 (base 6) to base 4
-22001112
661 (base 9) to base 12
391
-6212 (base 13) to base 5
-413120
Convert -300012 (base 4) to base 3.
-11020000
11012202 (base 3) to base 8
5777
What is 2021010112 (base 3) in base 5?
2411224
-521 (base 9) to base 16
-1a8
Convert -5315 (base 6) to base 9.
-1572
-15551 (base 11) to base 8
-52705
Convert 202211121 (base 3) to base 6.
154154
What is 4d4 (base 14) in base 6?
4254
What is 5161 (base 8) in base 10?
2673
Convert -1500 (base 6) to base 8.
-614
-1001100000010100 (base 2) to base 5
-2221212
-1 (base 12) to base 15
-1
Convert -1321 (base 8) to base 7.
-2050
Convert -1010100101000101 (base 2) to base 13.
-16954
Convert -18740 (base 12) to base 4.
-20230200
414 (base 5) to base 15
74
Convert 711 (base 10) to base 6.
3143
Convert 38 (base 9) to base 15.
25
-11ec (base 15) to base 4
-323232
-10b98 (base 15) to base 8
-147773
Convert 12649 (base 11) to base 16.
46a2
What is 302433 (base 5) in base 9?
14325
1544 (base 6) to base 5
3144
-11011100111011 (base 2) to base 4
-3130323
What is -17554 (base 11) in base 3?
-1020202221
What is -10011032 (base 4) in base 15?
-4e48
What is 1b78 (base 16) in base 13?
327c
What is 2302030 (base 4) in base 2?
10110010001100
Convert -3d4 (base 16) to base 5.
-12410
What is 419 (base 14) in base 16?
327
What is 681 (base 9) in base 13?
340
c81 (base 13) to base 4
201111
-c7 (base 15) to base 9
-227
-122340 (base 5) to base 10
-4720
-21215 (base 8) to base 13
-4045
7d3 (base 14) to base 5
22212
What is -1b6 (base 14) in base 8?
-544
What is -2155 (base 6) in base 16?
-1f7
-1599 (base 11) to base 3
-2210201
148 (base 10) to base 12
104
Convert -2252 (base 11) to base 12.
-1869
What is -2342 (base 6) in base 16?
-236
Convert -9af (base 16) to base 15.
-b04
What is -1768 (base 9) in base 16?
-54e
What is -616 (base 13) in base 6?
-4441
Convert -3122 (base 6) to base 7.
-2015
1052352 (base 6) to base 13
1b5a5
What is -113102 (base 4) in base 7?
-4226
What is 641 (base 12) in base 7?
2443
222021222 (base 3) to base 4
10223201
What is -13854 (base 9) in base 13?
-43b7
-123233 (base 4) to base 5
-24100
What is 559 (base 11) in base 5?
10134
Convert -124254 (base 6) to base 7.
-45025
What is 1110001001000 (base 2) in base 11?
5492
What is fe (base 16) in base 3?
100102
What is 253 (base 8) in base 15?
b6
What is -6157 (base 9) in base 11?
-3428
What is -12532 (base 7) in base 12?
-1b37
What is -336 (base 14) in base 6?
-2540
-10011010101110 (base 2) to base 12
-5892
What is -23 (base 13) in base 3?
-1002
What is 112002 (base 3) in base 7?
1052
412 (base 9) to base 6
1315
Convert 121000 (base 3) to base 14.
22c
Convert b05 (base 16) to base 8.
5405
What is 6026 (base 8) in base 12?
195a
-12306 (base 8) to base 5
-132233
Convert 100110000000100 (base 2) to base 11.
13691
Convert 20102212 (base 3) to base 6.
33422
What is -11001 (base 4) in base 6?
-1253
Convert 13203103 (base 4) to base 11.
2126a
Convert -1054 (base 11) to base 13.
-82c
1685 (base 16) to base 14
215b
What is -10240 (base 8) in base 5?
-114011
What is -3755 (base 8) in base 12?
-1211
What is 22510 (base 6) in base 5?
100320
Convert -50 (base 14) to base 16.
-46
Convert -4da (base 16) to base 14.
-64a
b79 (base 12) to base 8
3215
Convert -22102010 (base 3) to base 2.
-1011111110100
120522 (base 6) to base 11
7a32
Convert -1367 (base 11) to base 15.
-7cc
What is -702d (base 14) in base 5?
-1103444
What is -44434 (base 5) in base 14?
-11cb
Convert -b9a (base 16) to base 13.
-1476
-407 (base 8) to base 16
-107
-11286 (base 9) to base 16
-1d6a
Convert 2533 (base 7) to base 5.
12310
-16c (base 14) to base 12
-204
What is -10202 (base 5) in base 12?
-485
-1b9 (base 16) to base 13
-27c
What is 2640 (base 7) in base 16?
3f0
What is -986 (base 13) in base 5?
-23011
-46 (base 14) to base 6
-142
What is -a69 (base 11) in base 5?
-20120
What is 4112 (base 8) in base 13?
c73
What is -1122202 (base 3) in base 13?
-71c
761 (base 11) to base 15
40e
Convert 2040 (base 6) to base 14.
248
-3d6 (base 14) to base 6
-3332
What is 132100 (base 4) in base 7?
5434
Convert -27d9 (base 14) to base 11.
-5330
What is 6854 (base 11) in base 7?
35164
-1a4 (base 13) to base 10
-303
Convert 100001000110101 (base 2) to base 15.
504e
-1845 (base 9) to base 13
-851
Convert -3110 (base 16) to base 6.
-134052
What is -11001222 (base 3) in base 6?
-21425
What is -a16 (base 11) in base 9?
-1613
Convert -4513 (base 9) to base 11.
-2560
What is -12637 (base 9) in base 3?
-102201021
499 (base 11) to base 8
1120
347 (base 8) to base 11
1a0
What is 21633 (base 7) in base 3?
21111100
Convert -27c (base 13) to base 6.
-2013
-22020022 (base 3) to base 13
-2969
Convert 5616 (base 9) to base 2.
1000000110010
What is -362 (base 14) in base 3?
-220222
Convert 6216 (base 8) to base 16.
c8e
Convert -20133 (base 4) to base 12.
-393
Convert -55038 (base 9) to base 5.
-2131420
-111d (base 14) to base 13
-1473
What is 7505 (base 15) in base 8?
60263
-5840 (base 11) to base 4
-1313303
Convert 13112212 (base 4) to base 6.
351234
What is -1c112 (base 13) in base 16?
-d745
Convert 3966 (base 11) to base 13.
2466
-36932 (base 10) to base 7
-212450
200303 (base 6) to base 9
23433
Convert -47654 (base 8) to base 12.
-b978
Convert -351 (base 7) to base 16.
-b7
Convert -1010101101 (base 2) to base 8.
-1255
Convert -309 (base 10) to base 5.
-2214
27086 (base 10) to base 5
1331321
Convert -520 (base 13) to base 15.
-3d1
What is -101002 (base 4) in base 15?
-4ca
Convert 97a5 (base 11) to base 2.
11001010001101
Convert -6b0 (base 15) to base 3.
-2002010
-3900 (base 13) to base 12
-4840
-44b (base 13) to base 10
-739
What is 552 (base 10) in base 14?
2b6
8534 (base 14) to base 3
1011112001
Convert 5115 (base 6) to base 15.
502
Convert -582 (base 13) to base 11.
-795
100001010 (base 2) to base 8
412
What is -826 (base 14) in base 16?
-642
Convert 885 (base 13) to base 4.
112311
-a06 (base 12) to base 11
-10a5
Convert -3904 (base 13) to base 11.
-6109
124 (base 13) to base 6
531
Convert -1429 (base 13) to base 11.
-2204
What is 4413 (base 7) in base 14?
80a
What is -35db (base 15) in base 6?
-125012
Convert -de4 (base 16) to base 11.
-2743
334215 (base 6) to base 4
12320003
Convert -11112200 (base 3) to base 5.
-